{"id":55,"date":"2021-01-19T07:32:40","date_gmt":"2021-01-19T07:32:40","guid":{"rendered":"http:\/\/stvagricola.com\/?page_id=55"},"modified":"2024-08-21T06:08:50","modified_gmt":"2024-08-21T06:08:50","slug":"servicios","status":"publish","type":"page","link":"https:\/\/stvagricola.com\/index.php\/contact\/servicios\/","title":{"rendered":"Servicios"},"content":{"rendered":"\n<figure class=\"wp-block-gallery columns-4 is-cropped\"><ul class=\"blocks-gallery-grid\"><li class=\"blocks-gallery-item\"><figure><img loading=\"lazy\" width=\"298\" height=\"300\" src=\"https:\/\/stvagricola.com\/wp-content\/uploads\/2021\/01\/serv-1-298x300.png\" alt=\"\" data-id=\"56\" data-full-url=\"http:\/\/stvagricola.com\/wp-content\/uploads\/2021\/01\/serv-1.png\" data-link=\"http:\/\/stvagricola.com\/?attachment_id=56\" class=\"wp-image-56\" srcset=\"https:\/\/stvagricola.com\/wp-content\/uploads\/2021\/01\/serv-1-298x300.png 298w, https:\/\/stvagricola.com\/wp-content\/uploads\/2021\/01\/serv-1-150x150.png 150w, https:\/\/stvagricola.com\/wp-content\/uploads\/2021\/01\/serv-1-100x100.png 100w, https:\/\/stvagricola.com\/wp-content\/uploads\/2021\/01\/serv-1.png 696w\" sizes=\"(max-width: 298px) 100vw, 298px\" \/><figcaption class=\"blocks-gallery-item__caption\">Fertilizantes<\/figcaption><\/figure><\/li><li class=\"blocks-gallery-item\"><figure><img loading=\"lazy\" width=\"290\" height=\"300\" src=\"https:\/\/stvagricola.com\/wp-content\/uploads\/2021\/01\/serv-2-290x300.png\" alt=\"\" data-id=\"57\" data-full-url=\"http:\/\/stvagricola.com\/wp-content\/uploads\/2021\/01\/serv-2.png\" data-link=\"http:\/\/stvagricola.com\/?attachment_id=57\" class=\"wp-image-57\" srcset=\"https:\/\/stvagricola.com\/wp-content\/uploads\/2021\/01\/serv-2-290x300.png 290w, https:\/\/stvagricola.com\/wp-content\/uploads\/2021\/01\/serv-2.png 642w\" sizes=\"(max-width: 290px) 100vw, 290px\" \/><figcaption class=\"blocks-gallery-item__caption\">Maquinaria Ligera<\/figcaption><\/figure><\/li><li class=\"blocks-gallery-item\"><figure><img loading=\"lazy\" width=\"293\" height=\"300\" src=\"https:\/\/stvagricola.com\/wp-content\/uploads\/2021\/01\/serv-3-293x300.png\" alt=\"\" data-id=\"58\" data-full-url=\"http:\/\/stvagricola.com\/wp-content\/uploads\/2021\/01\/serv-3.png\" data-link=\"http:\/\/stvagricola.com\/?attachment_id=58\" class=\"wp-image-58\" srcset=\"https:\/\/stvagricola.com\/wp-content\/uploads\/2021\/01\/serv-3-293x300.png 293w, https:\/\/stvagricola.com\/wp-content\/uploads\/2021\/01\/serv-3.png 699w\" sizes=\"(max-width: 293px) 100vw, 293px\" \/><figcaption class=\"blocks-gallery-item__caption\"><em>Maquinaria Agr\u00edcola<\/em><\/figcaption><\/figure><\/li><li class=\"blocks-gallery-item\"><figure><img loading=\"lazy\" width=\"300\" height=\"281\" src=\"https:\/\/stvagricola.com\/wp-content\/uploads\/2021\/01\/serv-4-300x281.png\" alt=\"\" data-id=\"59\" data-full-url=\"http:\/\/stvagricola.com\/wp-content\/uploads\/2021\/01\/serv-4.png\" data-link=\"http:\/\/stvagricola.com\/?attachment_id=59\" class=\"wp-image-59\" srcset=\"https:\/\/stvagricola.com\/wp-content\/uploads\/2021\/01\/serv-4-300x281.png 300w, https:\/\/stvagricola.com\/wp-content\/uploads\/2021\/01\/serv-4.png 679w\" sizes=\"(max-width: 300px) 100vw, 300px\" \/><figcaption class=\"blocks-gallery-item__caption\">Sistema de riego<\/figcaption><\/figure><\/li><\/ul><\/figure>\n\n\n\n<ol><li>Gef\u00e4lschte Rolex-Uhren in der Schweiz zu verkaufen, billige&nbsp;<a href=\"https:\/\/replicauhrens.io\">replica uhren kaufen<\/a>&nbsp;im Pr\u00e4sidentenstil mit hoher Qualit\u00e4t zu verkaufen, Rolex-Imitationsuhren online kaufen.<\/li><li>We sell high quality&nbsp;<a href=\"https:\/\/www.minervawatches.com\/omega\">Omega replica<\/a>&nbsp;watches including AAA+ replica Omega watches, Moonwatch, Seamaster, Speed MAAA 1:1 Omega clone watches.<\/li><li>Il posto migliore per acquistare&nbsp;&nbsp;economici. E la migliore replica Rolex di grado 1 aaa+ fabbricata in Svizzera sul nostro sito Web con spedizione veloce.<\/li><\/ol>\n","protected":false},"excerpt":{"rendered":"<p>Gef\u00e4lschte Rolex-Uhren in der Schweiz zu verkaufen, billige&nbsp;replica uhren kaufen&nbsp;im Pr\u00e4sidentenstil mit hoher Qualit\u00e4t zu verkaufen, Rolex-Imitationsuhren online kaufen. We sell high quality&nbsp;Omega replica&nbsp;watches including AAA+ replica Omega watches, Moonwatch, Seamaster, Speed MAAA 1:1 Omega clone watches. Il posto migliore per acquistare&nbsp;&nbsp;economici. E la migliore replica Rolex di grado 1 aaa+ fabbricata in Svizzera sul &hellip; <\/p>\n<p class=\"link-more\"><a href=\"https:\/\/stvagricola.com\/index.php\/contact\/servicios\/\" class=\"more-link\">Continuar leyendo<span class=\"screen-reader-text\"> &#8220;Servicios&#8221;<\/span><\/a><\/p>\n","protected":false},"author":1,"featured_media":0,"parent":10,"menu_order":0,"comment_status":"closed","ping_status":"closed","template":"","meta":[],"_links":{"self":[{"href":"https:\/\/stvagricola.com\/index.php\/wp-json\/wp\/v2\/pages\/55"}],"collection":[{"href":"https:\/\/stvagricola.com\/index.php\/wp-json\/wp\/v2\/pages"}],"about":[{"href":"https:\/\/stvagricola.com\/index.php\/wp-json\/wp\/v2\/types\/page"}],"author":[{"embeddable":true,"href":"https:\/\/stvagricola.com\/index.php\/wp-json\/wp\/v2\/users\/1"}],"replies":[{"embeddable":true,"href":"https:\/\/stvagricola.com\/index.php\/wp-json\/wp\/v2\/comments?post=55"}],"version-history":[{"count":2,"href":"https:\/\/stvagricola.com\/index.php\/wp-json\/wp\/v2\/pages\/55\/revisions"}],"predecessor-version":[{"id":147,"href":"https:\/\/stvagricola.com\/index.php\/wp-json\/wp\/v2\/pages\/55\/revisions\/147"}],"up":[{"embeddable":true,"href":"https:\/\/stvagricola.com\/index.php\/wp-json\/wp\/v2\/pages\/10"}],"wp:attachment":[{"href":"https:\/\/stvagricola.com\/index.php\/wp-json\/wp\/v2\/media?parent=55"}],"curies":[{"name":"wp","href":"https:\/\/api.w.org\/{rel}","templated":true}]}}